Suppose 0 = 3*q - 3*z - 250 - 3539, 0 = q - 2*z - 1265. What is the thousands digit of q?
1
Let y(m) = -m**2 - 5*m + 6. Let u be y(-7). Let g be 2 + (-3)/((-12)/u). Suppose -3*n - 12 = g, -2*i - 5*n + 10*n + 26 = 0. What is the units digit of i?
3
Suppose -2*f + m = -2, 0*m = 5*f - 5*m. Suppose 0 = -f*o - 2*s, o = -3*s + 2 - 6. Suppose -48 - o = -2*c. What is the units digit of c?
5
Suppose -11*z - 725 = 606. Let c = z + 361. What is the tens digit of c?
4
Suppose -2*y + 2 = -2. Suppose y*i = -i + 9. Suppose 4*o - j - 110 = 102, i*j = -o + 66. What is the units digit of o?
4
Let v(g) = -35*g + 19*g + g**3 - 10*g**2 + 3 + 22*g. What is the tens digit of v(10)?
6
Suppose -11*l - 2808 + 9089 = 0. Let u = l + -374. What is the hundreds digit of u?
1
Suppose 159 = o + 2*o. Let m = -32 + o. Suppose 4*x = -5*c + 133, -m = c - 2*c + 2*x. What is the tens digit of c?
2
Suppose -15*f + 14*f = -1589. What is the units digit of f?
9
Suppose -7*d + 45 = -6*d. Let x = -43 + d. What is the units digit of x?
2
Suppose 6*i + 0*m = -2*m + 4404, -4*i - 3*m + 2931 = 0. What is the hundreds digit of i?
7
Let q(b) = 5*b**3 + 185*b**2 + 24*b + 123. What is the hundreds digit of q(-36)?
7
Let i(p) = -p - 5. Let d be i(0). Let o be 28/d*5/(-2). Suppose 3*v + 5*y - 44 = 0, o = 2*v - y + 2. What is the units digit of v?
8
Let q be 36/(-10)*110/(-44). Let m = q + 42. What is the units digit of m?
1
Let o(f) = -f**2 - 6*f + 9. Let a be o(-6). Suppose -5*m = a + 71. Let y = m - -25. What is the units digit of y?
9
Suppose -b + 122 + 258 = z, 5*b + 1860 = 5*z. What is the units digit of (4/(-16))/((-2)/z)?
7
Let w be (-3)/4 + (-3357)/36. Let b = 141 + w. What is the units digit of b?
7
Let v be 3 + 3 + -13 + 5. What is the units digit of (-395)/v + 6 + (-99)/18?
8
Let y = 1748 - 946. Suppose 139 - y = -17*k. What is the units digit of k?
9
Let p be (-12)/5*(-40)/(-12). What is the tens digit of (2*p/10)/((-8)/220)?
4
Let d = -109 - -45. Let i = d - -135. What is the units digit of i?
1
Let v(d) = -d**3 + 6*d**2 + 2*d - 3. Let h = 3 + -8. Let w = h + 10. What is the units digit of v(w)?
2
Let m(y) = y**2 + 2*y - 17. Let d be m(-5). What is the hundreds digit of -7 + 2 + (d - -253)?
2
Let a = -56 + 103. Let f = a + -30. What is the units digit of f?
7
What is the hundreds digit of (-2*706/(-24))/((-45)/(-270))?
3
Let a(v) = 2*v**2 + 3*v + 2. Let z be a(-2). Suppose z*b = 3*c - 0*c - 26, c - b - 9 = 0. Suppose 0 = -6*u + c*u - 28. What is the units digit of u?
7
Let v(g) = -3*g + 17. Let b be v(5). What is the hundreds digit of 3 + b - (4 + -175)?
1
Let h(z) = -z + 3. Suppose -5*j + 3*j + 14 = 0. Let g be h(j). What is the tens digit of (g/(-12))/((-2)/(-156))?
2
What is the hundreds digit of 16/6 - 4560/(-18)?
2
Let t be (24/3)/4 - -3. Suppose 0 = 2*q - t*s + 16, s - 5 = -5*q + 9. Suppose 2*j = -6 - 2, q*p - 4*j - 22 = 0. What is the units digit of p?
3
Suppose 0 = 3*i - 4*i. Suppose -u + 5*a = -17, -2*u = 4*a - 6 + 14. Suppose i = u*w + 2*w - 88. What is the units digit of w?
2
Let j(i) = -i**2 + 14*i + 9. Let z(g) = 9*g**3 + 2*g - 2. Let s be z(1). What is the units digit of j(s)?
4
Let w = 442 + -203. What is the hundreds digit of w?
2
Suppose -2 = 3*j - 8. Suppose 0 = j*z - z - 29. Let s = -17 + z. What is the units digit of s?
2
Suppose 188984 = 82*n - 270052. What is the thousands digit of n?
5
Suppose 3*q = 1284 - 444. What is the units digit of ((-108)/(-10))/((-1108)/q - -4)?
2
Let z = 2 + 5. Let y be (-6)/(-21) + 5/z. What is the tens digit of 35*(y - 0)*1?
3
Suppose 0 = 134*m - 146*m + 11952. What is the tens digit of m?
9
Let k(u) = u**3 + 15*u**2 - u - 15. Let o be k(-15). Suppose o*m + 52 = m. What is the tens digit of m?
5
Suppose -3218 - 1252 = -6*u. What is the tens digit of u?
4
Let t be ((-1)/((-4)/(-4)))/(1/(-4)). What is the tens digit of (-1)/t + (-498)/(-8)*1?
6
Let o be 35/7*(-1)/(2/2). What is the tens digit of (-2)/o*475/10?
1
Let y(v) = 18*v**2 + 4*v + 4. Suppose 8*x - 12 = 14*x. What is the tens digit of y(x)?
6
Suppose -2*v - 12 + 142 = 0. Let b = v + -27. Suppose -5*j - p + 45 = -1, 0 = 5*j + 3*p - b. What is the units digit of j?
0
What is the hundreds digit of (-2)/(-4)*-4 + (-4 - -481)?
4
Suppose -56 = -2*s - 3*w, 6*s - 112 = 2*s + 3*w. What is the tens digit of s?
2
Let x(n) = -n**3 + 4*n**3 + n - 3*n**2 - 5*n**3. Let i be x(-3). What is the tens digit of i/((4 - 2)/2)?
2
Let u be (2 - 16)*(2 - 3). Let b = -12 + u. Suppose b*s = -7*h + 2*h + 90, 4*h + 2*s - 74 = 0. What is the tens digit of h?
1
Let f(c) = -c**3 + 7*c**2 + 2*c + 5. Suppose 5*m + 0*m + 2*r = 33, -30 = -2*m - 5*r. What is the units digit of f(m)?
5
Suppose -3*q + 5*h = -q + 9, -5*q - 3*h - 38 = 0. Let z = q - -16. Let k = z + 5. What is the tens digit of k?
1
Suppose 0 = 20*s - 11466 + 1786. What is the units digit of s?
4
Suppose b = 1 - 9. Let t = -4 - b. Suppose -6 = 2*g - 0*g, 33 = 5*x + t*g. What is the units digit of x?
9
Let h be (-197)/(-1 - ((-3 - -7) + -6)). Let k = h - -348. What is the hundreds digit of k?
1
Let q = 801 - 462. What is the units digit of q?
9
Suppose 4*h - 99 = -11. Suppose -2*g - 14 = a - 6*a, -2*g - 4*a + h = 0. What is the tens digit of (g/2)/(30/320)?
1
Suppose i = 5*h + 912, -23*h + 3680 = 4*i - 27*h. What is the tens digit of i?
2
Suppose -17*v = -19*v + 8. Suppose 320 = v*r + 44. What is the units digit of r?
9
Suppose -149 = -5*i - 3*s, 5*i - 104 - 61 = 5*s. What is the units digit of i?
1
Suppose l - 4*z - 4542 = 0, -2*l + 5081 = 4*z - 4063. What is the tens digit of l?
6
Let u be 6/(-27) - 60/(-27). Suppose -u*p + 246 = -8*p. What is the tens digit of p*(3 + 8/(-2))?
4
Suppose 8 = -10*m + 14*m. What is the tens digit of 6/(260/(-136) + m)?
6
Let k = 11 + -8. Suppose -k*c = -4*x - 38, -x + 19 = 3*c + c. Suppose -4*m - 2*s = -c - 4, s + 1 = 0. What is the units digit of m?
3
Suppose 0*d + 3*k = -3*d + 342, 3*k + 586 = 5*d. What is the tens digit of d?
1
Let c(h) = -h**2 - 18*h - 84. Let u be c(-11). Let l(y) be the third derivative of y**5/30 + 11*y**4/24 + 5*y**3/3 + y**2. What is the units digit of l(u)?
1
Suppose 6 = 5*v + x - 28, -2*v + 24 = 3*x. Suppose -5*l - 39 = 5*j - 9, -4*l = -2*j - v. Let a = 23 - l. What is the units digit of a?
4
Suppose -b = -2*b + 2. Suppose -3*k + 3*v - 712 = -7*k, b*k - 356 = 2*v. What is the units digit of k?
8
Suppose 20*a - 92863 = 6117. What is the tens digit of a?
4
Let h be (-45)/(-3*(-1)/(-3)). Let r = h - -12. What is the units digit of r?
7
Let d(l) = 704*l - 411. What is the hundreds digit of d(5)?
1
Suppose -n = 3*n - 12. Suppose -4*y - 4*d + n*d = 0, -4*y + 2*d = 0. Suppose -5*t + 114 + 66 = y. What is the units digit of t?
6
Suppose -11*m = -41996 + 6730. What is the thousands digit of m?
3
Suppose 0 = -z - n + 424, -2*z + 866 = -n - 3*n. What is the units digit of z?
7
Let n(i) = -2*i - 4. Let c be n(2). Let k(y) = y**3 + 10*y**2 + 7*y + 6. Let o be k(c). Suppose 4*v = -2*v + o. What is the tens digit of v?
1
Let x(v) = -11 + 5*v - 4*v - 4*v - 5*v. What is the units digit of x(-13)?
3
Let l(c) be the third derivative of c**6/90 + c**5/60 - c**4/24 + c**3/6 - c**2. Let v(x) be the first derivative of l(x). What is the units digit of v(3)?
1
Let x = -331 - -177. Let w = 253 + x. What is the tens digit of w?
9
Let t be -1*(-10 - (-6 + 9)). Suppose 3*j - 6*j + 72 = 0. Let s = j - t. What is the tens digit of s?
1
Suppose -2*i = 4, -c + 6*c - 2*i + 2341 = 0. Let r be c*(1 - (-39)/(-21)). Suppose -5*d - 3*m + r = -7*m, 0 = 4*d - m - 326. What is the units digit of d?
2
Let c(l) = 7*l + 15. Let u(k) = -15*k - 29. Let i(y) = -9*c(y) - 4*u(y). What is the units digit of i(-10)?
1
Suppose s + 5*r = -2*s + 1543, -3*s + 4*r = -1552. What is the hundreds digit of s?
5
Let f be (2*(-4)/8)/(-1). Let w(t) = 5 + 4*t**2 - 3 - t + 41*t**2 - t. What is the units digit of w(f)?
5
Let n = 341 + 377. What is the units digit of n?
8
Suppose -1 = -4*l - 1. Suppose 0 = -l*y + 3*y - 216. What is the tens digit of y?
7
Let w = 6177 - 3854. What is the units digit of w?
3
Let i = -7 - -11. Suppose 0*w - 23 = -2*w + 3*q, -2*w = i*q + 12. Suppose -w*x = 4*y - 3*y - 200, 3*x - y - 150 = 0. What is the tens digit of x?
5
Let t = 140 + -7. Suppose 0*u + 318 = 2*n + 5*u, -n + 4*u = -t. What is the units digit of n?
9
What is